3109?
7
What is the tens digit of 387465786?
8
What is the hundred millions digit of 187309097?
1
What is the units digit of 2064109827?
7
What is the units digit of 60077224?
4
What is the ten thousands digit of 364868187?
6
What is the millions digit of 20230471?
0
What is the hundreds digit of 5249725054?
0
What is the hundred thousands digit of 97251588?
2
What is the tens digit of 1366783082?
8
What is the thousands digit of 2770794560?
4
What is the thousands digit of 2817017604?
7
What is the units digit of 587929054?
4
What is the thousands digit of 342388854?
8
What is the ten millions digit of 499208062?
9
What is the ten millions digit of 859627166?
5
What is the units digit of 68016630?
0
What is the hundred thousands digit of 72500730?
5
What is the tens digit of 3390264968?
6
What is the ten millions digit of 926093078?
2
What is the millions digit of 900748081?
0
What is the tens digit of 12805939?
3
What is the tens digit of 85979968?
6
What is the ten millions digit of 176283556?
7
What is the units digit of 2840832144?
4
What is the hundred thousands digit of 98139672?
1
What is the ten millions digit of 303077921?
0
What is the ten millions digit of 116254131?
1
What is the ten thousands digit of 1539784186?
8
What is the units digit of 3674316903?
3
What is the millions digit of 777301018?
7
What is the hundred millions digit of 3594500258?
5
What is the ten thousands digit of 385842858?
4
What is the thousands digit of 480433128?
3
What is the hundred millions digit of 860464277?
8
What is the hundred thousands digit of 2441114878?
1
What is the hundred millions digit of 1838854695?
8
What is the ten thousands digit of 2404548095?
4
What is the tens digit of 225819449?
4
What is the hundreds digit of 70587095?
0
What is the thousands digit of 93723053?
3
What is the ten thousands digit of 586007974?
0
What is the units digit of 44814498?
8
What is the millions digit of 41196652?
1
What is the millions digit of 3209198497?
9
What is the tens digit of 5142144?
4
What is the tens digit of 541711988?
8
What is the ten millions digit of 42208640?
4
What is the tens digit of 2086365672?
7
What is the millions digit of 1915032841?
5
What is the tens digit of 13096826?
2
What is the hundred thousands digit of 1130380441?
3
What is the tens digit of 718801837?
3
What is the hundreds digit of 1387548984?
9
What is the millions digit of 319654168?
9
What is the tens digit of 31558949?
4
What is the tens digit of 2443881840?
4
What is the thousands digit of 263125406?
5
What is the units digit of 480484919?
9
What is the hundred thousands digit of 22352874?
3
What is the billions digit of 2168894939?
2
What is the millions digit of 18273102?
8
What is the hundreds digit of 112548438?
4
What is the ten thousands digit of 274419105?
1
What is the millions digit of 2013270?
2
What is the hundred thousands digit of 1078277758?
2
What is the units digit of 23466868?
8
What is the tens digit of 56991392?
9
What is the thousands digit of 34199630?
9
What is the tens digit of 52125325?
2
What is the millions digit of 55650577?
5
What is the tens digit of 62100813?
1
What is the hundred millions digit of 703641369?
7
What is the tens digit of 1224088638?
3
What is the millions digit of 39245303?
9
What is the units digit of 147543535?
5
What is the hundreds digit of 7640619?
6
What is the thousands digit of 62169513?
9
What is the millions digit of 424274728?
4
What is the millions digit of 236977763?
6
What is the hundred millions digit of 306024957?
3
What is the hundred thousands digit of 20489418?
4
What is the hundred millions digit of 936113413?
9
What is the hundred thousands digit of 38022296?
0
What is the tens digit of 9683261?
6
What is the tens digit of 84024441?
4
What is the millions digit of 682619562?
2
What is the units digit of 1767826487?
7
What is the millions digit of 675035222?
5
What is the tens digit of 504972413?
1
What is the hundred thousands digit of 772710193?
7
What is the thousands digit of 6317444?
7
What is the millions digit of 82542159?
2
What is the ten millions digit of 277193720?
7
What is the ten millions digit of 23383986?
2
What is the units digit of 215764854?
4
What is the units digit of 1478112458?
8
What is the hundred millions digit of 742015620?
7
What is the tens digit of 165135056?
5
What is the thousands digit of 22967296?
7
What is the units digit of 825842562?
2
What is the hundred millions digit of 131730308?
1
What is the hundreds digit of 574179695?
6
What is the ten thousands digit of 245746797?
4
What is the ten thousands digit of 45513631?
1
What is the tens digit of 80226144?
4
What is the hundred millions digit of 799081935?
7
What is the hundreds digit of 105270151?
1
What is the hundreds digit of 794410165?
1
What is the units digit of 4365359902?
2
What is the millions digit of 140665721?
0
What is the tens digit of 220886391?
9
What is the thousands digit of 2232824029?
4
What is the thousands digit of 143288137?
8
What is the ten thousands digit of 4318096850?
9
What is the tens digit of 1026059819?
1
What is the billions digit of 1183124770?
1
What is the ten millions digit of 591089288?
9
What is the thousands digit of 855700473?
0
What is the ten millions digit of 239615322?
3
What is the hundred millions digit of 186957807?
1
What is the tens digit of 47015864?
6
What is the units digit of 1366389281?
1
What is the hundred millions digit of 2234219007?
2
What is the units digit of 1468465969?
9
What is the ten millions digit of 410974154?
1
What is the hundred millions digit of 511698773?
5
What is the hundreds digit of 24262255?
2
What is the hundreds digit of 1779632308?
3
What is the ten millions digit of 2956948101?
5
What is the hundreds digit of 474845147?
1
What is the tens digit of 115589806?
0
What is the billions digit of 1416955816?
1
What is the ten thousands digit of 27260932?
6
What is the hundreds digit of 48017816?
8
What is the units digit of 407534993?
3
What is the ten millions digit of 254279103?
5
What is the ten thousands digit of 66356705?
5
What is the thousands digit of 34127715?
7
What is the ten thousands digit of 3807886?
0
What is the hundred thousands digit of 1966043841?
0
What is the units digit of 50480450?
0
What is the units digit of 68966372?
2
What is the units digit of 511990685?
5
What is the ten thousands digit of 135669822?
6
What is the ten millions digit of 75857851?
7
What is the tens digit of 103078217?
1
What is the units digit of 40409602?
2
What is the millions digit of 3491435363?
1
What is the hundreds digit of 87176213?
2
What is the ten thousands digit of 34895836?
9
What is the ten thousands digit of 4087237529?
3
What is the tens digit of 138172080?
8
What is the hundred thousands digit of 2960010853?
0
What is the hundred millions digit of 2672840038?
6
What is the tens digit of 22537767?
6
What is the tens digit of 157723287?
8
What is the ten millions digit of 132172136?
3
What is the ten millions digit of 150046864?
5
What is the millions digit of 232268229?
2
What is the tens digit of 440246792?
9
What is the ten millions digit of 22524036?
2
What is the billions digit of 2894670910?
2
What is the hundred millions digit of 1496748656?
4
What is the hundred thousands digit of 640722168?
7
What is the millions digit of 4143615238?
3
What is the units digit of 173460021?
1
What is the ten millions digit of 22905170?
2
What is the tens digit of 371895571?
7
What is the tens digit of 77332167?
6
What is the tens digit of 6468866?
6
What is the millions digit of 170314373?
0
What is the tens digit of 123373239?
3
What is the hundred thousands digit of 50796473?
7
What is the ten thousands digit of 10840724?
4
What is the thousands digit of 222481328?
1
What is the ten thousands digit of 1332369478?
6
What is the billions digit of 1028432924?
1
What is the tens digit of 65344746?
4
What is the hundreds digit of 108247002?
0
What is the ten thousands digit of 22435331?
3
What is the ten millions digit of 185070329?
8
What is the tens digit of 35920575?
7
What is the ten millions digit of 498601888?
9
What is the tens digit of 355095720?
2
What is the tens digit of 68191139?
3
What is the hundred thousands digit of 148793